{"id":256,"date":"2019-11-16T14:20:34","date_gmt":"2019-11-16T13:20:34","guid":{"rendered":"https:\/\/www.lsbbz.hr\/?page_id=256"},"modified":"2023-07-05T08:23:31","modified_gmt":"2023-07-05T07:23:31","slug":"lovacka-udruga-fazan-tomasica","status":"publish","type":"page","link":"https:\/\/www.lsbbz.hr\/?page_id=256","title":{"rendered":"Lova\u010dka udruga Fazan Toma\u0161ica"},"content":{"rendered":"\n<table class=\"wp-block-table is-style-stripes\"><tbody><tr><td>\n  Naziv dru\u0161tva\n  <\/td><td>   Lova\u010dka udruga \u201cFazan\u201d <br>   Toma\u0161ica   <\/td><td>\n  &nbsp;\n  <\/td><\/tr><tr><td>\n  Adresa\n  <\/td><td>\n  Grani\u010darska 137\n  <\/td><td>\n  &nbsp;\n  <\/td><\/tr><tr><td>\n  Po\u0161ta\n  <\/td><td>\n  Gare\u0161nica \n  <\/td><td>\n  &nbsp;\n  <\/td><\/tr><tr><td>\n  OIB\n  <\/td><td>\n  58402201257\n  <\/td><td>\n  &nbsp;\n  <\/td><\/tr><tr><td>\n  IBAN\n  <\/td><td>\n  HR2624020061100069867\n  <\/td><td>\n  &nbsp;\n  <\/td><\/tr><tr><td>\n  Predsjednik\n  <\/td><td>Mario Maljur <\/td><td>   098\/9401603  <\/td><\/tr><tr><td>\n  Tajnik\n  <\/td><td> Bebek Vladimir<\/td><td> 099\/866-7207<\/td><\/tr><tr><td>\n  Broj i naziv lovi\u0161ta\n  <\/td><td>\n  VII\/304 \u201cPETKOVA\u010cA-ME\u0110UVO\u0110E\u201d\n  <\/td><td>\n  &nbsp;\n  <\/td><\/tr><tr><td>\n  Broj lovaca\n  <\/td><td>   44   <\/td><td>\n  &nbsp;\n  <\/td><\/tr><tr><td>\n  e-mail\n  <\/td><td>  bebek.vladimir10@gmail.com<\/td><td>\n  &nbsp;\n  <\/td><\/tr><\/tbody><\/table>\n","protected":false},"excerpt":{"rendered":"<p>Naziv dru\u0161tva Lova\u010dka udruga \u201cFazan\u201d Toma\u0161ica &nbsp; Adresa Grani\u010darska 137 &nbsp; Po\u0161ta Gare\u0161nica &nbsp; OIB 58402201257 &nbsp; IBAN HR2624020061100069867 &nbsp; Predsjednik Mario Maljur 098\/9401603 Tajnik Bebek Vladimir 099\/866-7207 Broj i naziv lovi\u0161ta VII\/304 \u201cPETKOVA\u010cA-ME\u0110UVO\u0110E\u201d &nbsp; Broj lovaca 44 &nbsp; e-mail bebek.vladimir10@gmail.com &nbsp;<\/p>\n","protected":false},"author":1,"featured_media":0,"parent":0,"menu_order":0,"comment_status":"closed","ping_status":"closed","template":"","meta":{"footnotes":""},"_links":{"self":[{"href":"https:\/\/www.lsbbz.hr\/index.php?rest_route=\/wp\/v2\/pages\/256"}],"collection":[{"href":"https:\/\/www.lsbbz.hr\/index.php?rest_route=\/wp\/v2\/pages"}],"about":[{"href":"https:\/\/www.lsbbz.hr\/index.php?rest_route=\/wp\/v2\/types\/page"}],"author":[{"embeddable":true,"href":"https:\/\/www.lsbbz.hr\/index.php?rest_route=\/wp\/v2\/users\/1"}],"replies":[{"embeddable":true,"href":"https:\/\/www.lsbbz.hr\/index.php?rest_route=%2Fwp%2Fv2%2Fcomments&post=256"}],"version-history":[{"count":7,"href":"https:\/\/www.lsbbz.hr\/index.php?rest_route=\/wp\/v2\/pages\/256\/revisions"}],"predecessor-version":[{"id":558,"href":"https:\/\/www.lsbbz.hr\/index.php?rest_route=\/wp\/v2\/pages\/256\/revisions\/558"}],"wp:attachment":[{"href":"https:\/\/www.lsbbz.hr\/index.php?rest_route=%2Fwp%2Fv2%2Fmedia&parent=256"}],"curies":[{"name":"wp","href":"https:\/\/api.w.org\/{rel}","templated":true}]}}