{"id":261,"date":"2019-11-16T14:22:57","date_gmt":"2019-11-16T13:22:57","guid":{"rendered":"https:\/\/www.lsbbz.hr\/?page_id=261"},"modified":"2023-04-21T07:30:28","modified_gmt":"2023-04-21T06:30:28","slug":"lovacka-udruga-lane-sandrovac","status":"publish","type":"page","link":"https:\/\/www.lsbbz.hr\/?page_id=261","title":{"rendered":"Lova\u010dka udruga Lane \u0160androvac"},"content":{"rendered":"\n<table class=\"wp-block-table is-style-stripes\"><tbody><tr><td>\n  Naziv dru\u0161tva\n  <\/td><td>   Lova\u010dka   udruga \u201cLane\u201d <br>   \u0160androvac   <\/td><td>\n  &nbsp;\n  <\/td><\/tr><tr><td>\n  Adresa\n  <\/td><td>   Bjelovarska 6   <\/td><td>\n  &nbsp;\n  <\/td><\/tr><tr><td>\n  Po\u0161ta\n  <\/td><td>\n  \u0160androvac\n  <\/td><td>\n  &nbsp;\n  <\/td><\/tr><tr><td>\n  OIB\n  <\/td><td>\n  91895520518\n  <\/td><td>\n  &nbsp;\n  <\/td><\/tr><tr><td>\n  IBAN\n  <\/td><td>\n  HR3324840081100267748\n  <\/td><td>\n  &nbsp;\n  <\/td><\/tr><tr><td>\n  Predsjednik\n  <\/td><td>Horvat Dalibor   <\/td><td>   099\/723-6568   <\/td><\/tr><tr><td>\n  Tajnik\n  <\/td><td>    <\/td><td>     <\/td><\/tr><tr><td>\n  Broj i naziv lovi\u0161ta\n  <\/td><td>\n  VII\/112 \u201cRAVNE\u0160KA KOSA\u201d\n  <\/td><td>\n  &nbsp;\n  <\/td><\/tr><tr><td>\n  Broj lovaca\n  <\/td><td>   29   <\/td><td>\n  &nbsp;\n  <\/td><\/tr><tr><td>\n  e-mail\n  <\/td><td>\n  belidado12050@gmail.com\n  <\/td><td>\n  &nbsp;\n  <\/td><\/tr><\/tbody><\/table>\n","protected":false},"excerpt":{"rendered":"<p>Naziv dru\u0161tva Lova\u010dka udruga \u201cLane\u201d \u0160androvac &nbsp; Adresa Bjelovarska 6 &nbsp; Po\u0161ta \u0160androvac &nbsp; OIB 91895520518 &nbsp; IBAN HR3324840081100267748 &nbsp; Predsjednik Horvat Dalibor 099\/723-6568 Tajnik Broj i naziv lovi\u0161ta VII\/112 \u201cRAVNE\u0160KA KOSA\u201d &nbsp; Broj lovaca 29 &nbsp; e-mail belidado12050@gmail.com &nbsp;<\/p>\n","protected":false},"author":1,"featured_media":0,"parent":0,"menu_order":0,"comment_status":"closed","ping_status":"closed","template":"","meta":{"footnotes":""},"_links":{"self":[{"href":"https:\/\/www.lsbbz.hr\/index.php?rest_route=\/wp\/v2\/pages\/261"}],"collection":[{"href":"https:\/\/www.lsbbz.hr\/index.php?rest_route=\/wp\/v2\/pages"}],"about":[{"href":"https:\/\/www.lsbbz.hr\/index.php?rest_route=\/wp\/v2\/types\/page"}],"author":[{"embeddable":true,"href":"https:\/\/www.lsbbz.hr\/index.php?rest_route=\/wp\/v2\/users\/1"}],"replies":[{"embeddable":true,"href":"https:\/\/www.lsbbz.hr\/index.php?rest_route=%2Fwp%2Fv2%2Fcomments&post=261"}],"version-history":[{"count":5,"href":"https:\/\/www.lsbbz.hr\/index.php?rest_route=\/wp\/v2\/pages\/261\/revisions"}],"predecessor-version":[{"id":492,"href":"https:\/\/www.lsbbz.hr\/index.php?rest_route=\/wp\/v2\/pages\/261\/revisions\/492"}],"wp:attachment":[{"href":"https:\/\/www.lsbbz.hr\/index.php?rest_route=%2Fwp%2Fv2%2Fmedia&parent=261"}],"curies":[{"name":"wp","href":"https:\/\/api.w.org\/{rel}","templated":true}]}}