{"id":300,"date":"2019-11-17T10:35:03","date_gmt":"2019-11-17T09:35:03","guid":{"rendered":"https:\/\/www.lsbbz.hr\/?page_id=300"},"modified":"2023-04-21T07:56:00","modified_gmt":"2023-04-21T06:56:00","slug":"lovacko-drustvo-lovac-bjelovar","status":"publish","type":"page","link":"https:\/\/www.lsbbz.hr\/?page_id=300","title":{"rendered":"Lova\u010dko dru\u0161tvo \u201cLovac\u201d Bjelovar"},"content":{"rendered":"\n<table class=\"wp-block-table is-style-stripes\"><tbody><tr><td>\n  Naziv dru\u0161tva\n  <\/td><td>   Lova\u010dko   dru\u0161tvo \u201cLovac\u201d <br>   Bjelovar   <\/td><td>\n  &nbsp;\n  <\/td><\/tr><tr><td>\n  Adresa\n  <\/td><td> Gornje Plavnice139<\/td><td>\n  &nbsp;\n  <\/td><\/tr><tr><td>\n  Po\u0161ta\n  <\/td><td>\n  Gornje Plavnice\n  <\/td><td>\n  &nbsp;\n  <\/td><\/tr><tr><td>\n  OIB\n  <\/td><td>\n  98999260334\n  <\/td><td>\n  &nbsp;\n  <\/td><\/tr><tr><td>\n  IBAN\n  <\/td><td>\n  HR7024020061100068202\n  <\/td><td>\n  &nbsp;\n  <\/td><\/tr><tr><td>\n  Predsjednik\n  <\/td><td>  Hajo\u0161 Ivan   <\/td><td>   091\/305-4684 <\/td><\/tr><tr><td>\n  Tajnik\n  <\/td><td>   Sitek Marijan   <\/td><td> 091\/513-72-95  <\/td><\/tr><tr><td>\n  Broj i naziv lovi\u0161ta\n  <\/td><td>   VII\/107   \u201cBJELOVAR-<br>   PLAVNICA\u201d   <\/td><td>\n  &nbsp;\n  <\/td><\/tr><tr><td>\n  Broj lovaca\n  <\/td><td>   27   <\/td><td>\n  &nbsp;\n  <\/td><\/tr><tr><td>\n  e-mail\n  <\/td><td>ld.lovac.bjelovar@gmail.com<br>sitekmarijan@gmail.com  <\/td><td>\n  &nbsp;\n  <\/td><\/tr><\/tbody><\/table>\n","protected":false},"excerpt":{"rendered":"<p>Naziv dru\u0161tva Lova\u010dko dru\u0161tvo \u201cLovac\u201d Bjelovar &nbsp; Adresa Gornje Plavnice139 &nbsp; Po\u0161ta Gornje Plavnice &nbsp; OIB 98999260334 &nbsp; IBAN HR7024020061100068202 &nbsp; Predsjednik Hajo\u0161 Ivan 091\/305-4684 Tajnik Sitek Marijan 091\/513-72-95 Broj i naziv lovi\u0161ta VII\/107 \u201cBJELOVAR- PLAVNICA\u201d &nbsp; Broj lovaca 27 &nbsp; e-mail ld.lovac.bjelovar@gmail.comsitekmarijan@gmail.com &nbsp;<\/p>\n","protected":false},"author":1,"featured_media":0,"parent":0,"menu_order":0,"comment_status":"closed","ping_status":"closed","template":"","meta":{"footnotes":""},"_links":{"self":[{"href":"https:\/\/www.lsbbz.hr\/index.php?rest_route=\/wp\/v2\/pages\/300"}],"collection":[{"href":"https:\/\/www.lsbbz.hr\/index.php?rest_route=\/wp\/v2\/pages"}],"about":[{"href":"https:\/\/www.lsbbz.hr\/index.php?rest_route=\/wp\/v2\/types\/page"}],"author":[{"embeddable":true,"href":"https:\/\/www.lsbbz.hr\/index.php?rest_route=\/wp\/v2\/users\/1"}],"replies":[{"embeddable":true,"href":"https:\/\/www.lsbbz.hr\/index.php?rest_route=%2Fwp%2Fv2%2Fcomments&post=300"}],"version-history":[{"count":5,"href":"https:\/\/www.lsbbz.hr\/index.php?rest_route=\/wp\/v2\/pages\/300\/revisions"}],"predecessor-version":[{"id":522,"href":"https:\/\/www.lsbbz.hr\/index.php?rest_route=\/wp\/v2\/pages\/300\/revisions\/522"}],"wp:attachment":[{"href":"https:\/\/www.lsbbz.hr\/index.php?rest_route=%2Fwp%2Fv2%2Fmedia&parent=300"}],"curies":[{"name":"wp","href":"https:\/\/api.w.org\/{rel}","templated":true}]}}