{"id":304,"date":"2019-11-17T10:36:09","date_gmt":"2019-11-17T09:36:09","guid":{"rendered":"https:\/\/www.lsbbz.hr\/?page_id=304"},"modified":"2023-04-21T07:56:34","modified_gmt":"2023-04-21T06:56:34","slug":"lovacko-drustvosokol","status":"publish","type":"page","link":"https:\/\/www.lsbbz.hr\/?page_id=304","title":{"rendered":"Lova\u010dko dru\u0161tvo\u201cSokol\u201dGornji Draganec"},"content":{"rendered":"\n<table class=\"wp-block-table is-style-stripes\"><tbody><tr><td>\n  Naziv dru\u0161tva\n  <\/td><td>   Lova\u010dko dru\u0161tvo\u201cSokol\u201d Gornji Draganec   <\/td><td>\n  &nbsp;\n  <\/td><\/tr><tr><td>\n  Adresa\n  <\/td><td>\n  Gornji Draganec 391\n  <\/td><td>\n  &nbsp;\n  <\/td><\/tr><tr><td>\n  Po\u0161ta\n  <\/td><td>\n  Gornji Draganec\n  <\/td><td>\n  &nbsp;\n  <\/td><\/tr><tr><td>\n  OIB\n  <\/td><td>\n  43736359513\n  <\/td><td>\n  &nbsp;\n  <\/td><\/tr><tr><td>\n  IBAN\n  <\/td><td>\n  HR9523400091100031190\n  <\/td><td>\n  &nbsp;\n  <\/td><\/tr><tr><td>\n  Predsjednik\n  <\/td><td>\n  Zlatko Salaj\n  <\/td><td>\n  098\/730-205\n  <\/td><\/tr><tr><td>\n  Tajnik\n  <\/td><td>   Ivanka Petrli\u0107   <\/td><td>   098\/731-081   <\/td><\/tr><tr><td>\n  Broj i naziv lovi\u0161ta\n  <\/td><td>   VII\/202 \u201cKOMU\u0160.LUG-<br>   BUKOVINA\u201d   <\/td><td>\n  &nbsp;\n  <\/td><\/tr><tr><td>\n  Broj lovaca\n  <\/td><td>   53   <\/td><td>\n  &nbsp;\n  <\/td><\/tr><tr><td>\n  e-mail\n  <\/td><td>\n  zlatko.sa01@gmail.com\n  <\/td><td>\n  &nbsp;\n  <\/td><\/tr><\/tbody><\/table>\n","protected":false},"excerpt":{"rendered":"<p>Naziv dru\u0161tva Lova\u010dko dru\u0161tvo\u201cSokol\u201d Gornji Draganec &nbsp; Adresa Gornji Draganec 391 &nbsp; Po\u0161ta Gornji Draganec &nbsp; OIB 43736359513 &nbsp; IBAN HR9523400091100031190 &nbsp; Predsjednik Zlatko Salaj 098\/730-205 Tajnik Ivanka Petrli\u0107 098\/731-081 Broj i naziv lovi\u0161ta VII\/202 \u201cKOMU\u0160.LUG- BUKOVINA\u201d &nbsp; Broj lovaca 53 &nbsp; e-mail zlatko.sa01@gmail.com &nbsp;<\/p>\n","protected":false},"author":1,"featured_media":0,"parent":0,"menu_order":0,"comment_status":"closed","ping_status":"closed","template":"","meta":{"footnotes":""},"_links":{"self":[{"href":"https:\/\/www.lsbbz.hr\/index.php?rest_route=\/wp\/v2\/pages\/304"}],"collection":[{"href":"https:\/\/www.lsbbz.hr\/index.php?rest_route=\/wp\/v2\/pages"}],"about":[{"href":"https:\/\/www.lsbbz.hr\/index.php?rest_route=\/wp\/v2\/types\/page"}],"author":[{"embeddable":true,"href":"https:\/\/www.lsbbz.hr\/index.php?rest_route=\/wp\/v2\/users\/1"}],"replies":[{"embeddable":true,"href":"https:\/\/www.lsbbz.hr\/index.php?rest_route=%2Fwp%2Fv2%2Fcomments&post=304"}],"version-history":[{"count":4,"href":"https:\/\/www.lsbbz.hr\/index.php?rest_route=\/wp\/v2\/pages\/304\/revisions"}],"predecessor-version":[{"id":523,"href":"https:\/\/www.lsbbz.hr\/index.php?rest_route=\/wp\/v2\/pages\/304\/revisions\/523"}],"wp:attachment":[{"href":"https:\/\/www.lsbbz.hr\/index.php?rest_route=%2Fwp%2Fv2%2Fmedia&parent=304"}],"curies":[{"name":"wp","href":"https:\/\/api.w.org\/{rel}","templated":true}]}}