{"id":320,"date":"2019-11-17T10:46:13","date_gmt":"2019-11-17T09:46:13","guid":{"rendered":"https:\/\/www.lsbbz.hr\/?page_id=320"},"modified":"2022-12-13T11:35:54","modified_gmt":"2022-12-13T10:35:54","slug":"lovacko-drustvo-vijenac-gornje-zdjelice","status":"publish","type":"page","link":"https:\/\/www.lsbbz.hr\/?page_id=320","title":{"rendered":"Lova\u010dko dru\u0161tvo Vijenac Gornje Zdjelice"},"content":{"rendered":"\n<table class=\"wp-block-table is-style-stripes\"><tbody><tr><td>\n  Naziv dru\u0161tva\n  <\/td><td>   Lova\u010dko   dru\u0161tvo \u201cVijenac\u201d <br>   Gornje Zdjelice   <\/td><td>\n  &nbsp;\n  <\/td><\/tr><tr><td>\n  Adresa\n  <\/td><td>   Gornje Zdjelice 172,   po\u0161tanski <br>   pretinac 36   <\/td><td>\n  &nbsp;\n  <\/td><\/tr><tr><td>\n  Po\u0161ta\n  <\/td><td>\n  Kapela\n  <\/td><td>\n  &nbsp;\n  <\/td><\/tr><tr><td>\n  OIB\n  <\/td><td>\n  54341979797\n  <\/td><td>\n  &nbsp;\n  <\/td><\/tr><tr><td>\n  IBAN\n  <\/td><td>\n  HR8224020061100068083\n  <\/td><td>\n  &nbsp;\n  <\/td><\/tr><tr><td>\n  Predsjednik\n  <\/td><td>  Damir \u010cerni   <\/td><td>   098\/239-844   <\/td><\/tr><tr><td>\n  Tajnik\n  <\/td><td>\n  Josip Grudeni\u0107\n  <\/td><td>\n  0989780594\n  <\/td><\/tr><tr><td>\n  Broj i naziv lovi\u0161ta\n  <\/td><td>\n  VII\/104 \u201cMOSTI-ZDELJA\u201d\n  <\/td><td>\n  &nbsp;\n  <\/td><\/tr><tr><td>\n  Broj lovaca\n  <\/td><td>\n  27\n  <\/td><td>\n  &nbsp;\n  <\/td><\/tr><tr><td>\n  e-mail\n  <\/td><td>   ldvijenac@gmail.com   <\/td><td>\n  &nbsp;\n  <\/td><\/tr><\/tbody><\/table>\n","protected":false},"excerpt":{"rendered":"<p>Naziv dru\u0161tva Lova\u010dko dru\u0161tvo \u201cVijenac\u201d Gornje Zdjelice &nbsp; Adresa Gornje Zdjelice 172, po\u0161tanski pretinac 36 &nbsp; Po\u0161ta Kapela &nbsp; OIB 54341979797 &nbsp; IBAN HR8224020061100068083 &nbsp; Predsjednik Damir \u010cerni 098\/239-844 Tajnik Josip Grudeni\u0107 0989780594 Broj i naziv lovi\u0161ta VII\/104 \u201cMOSTI-ZDELJA\u201d &nbsp; Broj lovaca 27 &nbsp; e-mail ldvijenac@gmail.com &nbsp;<\/p>\n","protected":false},"author":1,"featured_media":0,"parent":0,"menu_order":0,"comment_status":"closed","ping_status":"closed","template":"","meta":{"footnotes":""},"_links":{"self":[{"href":"https:\/\/www.lsbbz.hr\/index.php?rest_route=\/wp\/v2\/pages\/320"}],"collection":[{"href":"https:\/\/www.lsbbz.hr\/index.php?rest_route=\/wp\/v2\/pages"}],"about":[{"href":"https:\/\/www.lsbbz.hr\/index.php?rest_route=\/wp\/v2\/types\/page"}],"author":[{"embeddable":true,"href":"https:\/\/www.lsbbz.hr\/index.php?rest_route=\/wp\/v2\/users\/1"}],"replies":[{"embeddable":true,"href":"https:\/\/www.lsbbz.hr\/index.php?rest_route=%2Fwp%2Fv2%2Fcomments&post=320"}],"version-history":[{"count":3,"href":"https:\/\/www.lsbbz.hr\/index.php?rest_route=\/wp\/v2\/pages\/320\/revisions"}],"predecessor-version":[{"id":477,"href":"https:\/\/www.lsbbz.hr\/index.php?rest_route=\/wp\/v2\/pages\/320\/revisions\/477"}],"wp:attachment":[{"href":"https:\/\/www.lsbbz.hr\/index.php?rest_route=%2Fwp%2Fv2%2Fmedia&parent=320"}],"curies":[{"name":"wp","href":"https:\/\/api.w.org\/{rel}","templated":true}]}}