{"id":9,"date":"2018-11-12T19:44:09","date_gmt":"2018-11-12T19:44:09","guid":{"rendered":"http:\/\/test.lsbbz.hr\/?page_id=9"},"modified":"2024-02-16T08:08:37","modified_gmt":"2024-02-16T07:08:37","slug":"lovista","status":"publish","type":"page","link":"https:\/\/www.lsbbz.hr\/?page_id=9","title":{"rendered":"Lovi\u0161ta"},"content":{"rendered":"\n<p class=\"has-base-color has-text-color has-link-color wp-elements-4881a6d3c416438bebfb0f2af24b9ac3\">Na podru\u010dju Bjelovarsko-bilogorske \u017eupanije nalaze se 15 dr\u017eavnih lovi\u0161ta, 5 uzgajali\u0161ta divlja\u010di i 43 zajedni\u010dka lovi\u0161ta:<\/p>\n\n\n\n<div class=\"wp-block-group has-base-color has-text-color has-link-color wp-elements-c6081bf0a32c27d580dedd49216abed1 has-global-padding is-layout-constrained wp-block-group-is-layout-constrained\">\n<ul>\n<li><a href=\"http:\/\/lsbbz.hr\/Files\/lovista\/VII_2_BJELOVARSKA_BILOGORA.pdf\">VII\/2 Bjelovarska Bilogora<\/a><\/li>\n<li><a href=\"http:\/\/lsbbz.hr\/Files\/lovista\/VII_3_DUGA\u010cKI_GAJ.pdf\">VII\/3 Duga\u010dki gaj<\/a><\/li>\n<li>VII\/4 Garjevica<\/li>\n<li><a href=\"http:\/\/lsbbz.hr\/Files\/lovista\/VII_5_GRADINA_KRNJA\u010cA.pdf\">VII\/5 Gradina &#8211; Krnja\u010da<\/a><\/li>\n<li><a href=\"http:\/\/lsbbz.hr\/Files\/lovista\/VII_6_JASENOVA.pdf\">VII\/6 Jasenova<\/a><\/li>\n<li><a href=\"http:\/\/lsbbz.hr\/Files\/lovista\/VII_7_JAVORNIK.pdf\">VII\/7 Javornik<\/a><\/li>\n<li><a href=\"http:\/\/lsbbz.hr\/Files\/lovista\/VII_9_OBROVI.pdf\">VII\/9 Obrovi<\/a><\/li>\n<li><a href=\"http:\/\/lsbbz.hr\/Files\/lovista\/VII_11_PISANI\u010cKA_BILOGORA.pdf\">VII\/11 Pisani\u010dka Bilogora<\/a><\/li>\n<li><a href=\"http:\/\/lsbbz.hr\/Files\/lovista\/gradina_krnja\u010da.pdf\">VII\/13 Viroviti\u010dka Bilogora<\/a><\/li>\n<li><a href=\"http:\/\/lsbbz.hr\/Files\/lovista\/VII_14_VRANI_KAMEN.pdf\">VII\/14 Vrani Kamen<\/a><\/li>\n<li><a href=\"http:\/\/lsbbz.hr\/Files\/lovista\/VII_15_ZAPADNA_GARJEVICA.pdf\">VII\/15 Zapadna Garjevica<\/a><\/li>\n<li><a href=\"http:\/\/lsbbz.hr\/Files\/lovista\/VII_16_ZDENA\u010cKI_GAJ.pdf\">VII\/16 Zdena\u010dki gaj<\/a><\/li>\n<li><a href=\"http:\/\/lsbbz.hr\/Files\/lovista\/VII_17_\u017dABLJA\u010cKI_LUG_\u010cESMA.pdf\">VII\/17 \u017dablja\u010dki lug &#8211; \u010cesma<\/a><\/li>\n<li><a href=\"http:\/\/lsbbz.hr\/Files\/lovista\/VII_18_TRUPINSKI_PA\u0160IJANSKI_GAJ.pdf\">VII\/18 Trupinski &#8211; Pa\u0161ijanski gaj<\/a><\/li>\n<li><a href=\"http:\/\/lsbbz.hr\/Files\/lovista\/VII_20_KRIVAJA.pdf\">VII\/20 Krivaja<\/a><\/li>\n<\/ul>\n<\/div>\n\n\n\n<p class=\"has-base-color has-text-color has-link-color wp-elements-f99c8da293c3b77df64ca6abe8fe7164\">Dr\u017eavna lovi\u0161ta &#8211; uzgajali\u0161ta divlja\u010di:<\/p>\n\n\n\n<div class=\"wp-block-group has-base-color has-text-color has-link-color wp-elements-2fd03780388db727ee557352c33c746f has-global-padding is-layout-constrained wp-block-group-is-layout-constrained\">\n<ul>\n<li><a href=\"http:\/\/lsbbz.hr\/Files\/lovista\/VII_1_BLATNICA.pdf\">VII\/1 Blatnica<\/a><\/li>\n<li><a href=\"http:\/\/lsbbz.hr\/Files\/lovista\/VII_12_SIS\u010cANI.pdf\">VII\/12 Si\u0161\u0107ani<\/a><\/li>\n<li><a href=\"http:\/\/lsbbz.hr\/Files\/lovista\/gradina_krnja\u010da.pdf\">VII\/21 Gare\u0161nica<\/a><\/li>\n<li><a href=\"http:\/\/lsbbz.hr\/Files\/lovista\/VII_8_KON\u010cANICA.pdf\">VII\/8 Kon\u010danica<\/a><\/li>\n<\/ul>\n<\/div>\n\n\n\n<p class=\"has-base-color has-text-color has-link-color wp-elements-9f7ad76fd0d38b05f3c39a693d67986e\">Zajedni\u010dka lovi\u0161ta &#8211; lovni ured Bjelovar:<\/p>\n\n\n\n<div class=\"wp-block-group has-base-color has-text-color has-link-color wp-elements-f13d0277f93c57e88393903a560ac965 has-global-padding is-layout-constrained wp-block-group-is-layout-constrained\">\n<ul>\n<li><a href=\"http:\/\/lsbbz.hr\/Files\/lovista\/VII_101_Rovi\u0161\u0107e-Velika.pdf\">VII\/101 Rovi\u0161\u0107e &#8211; Velika<\/a><\/li>\n<li><a href=\"http:\/\/lsbbz.hr\/Files\/lovista\/VII_102_Rovi\u0161\u0107e-Konjska_rijeka.pdf\">VII\/102 Rovi\u0161\u0107e &#8211; Konjska rijeka<\/a><\/li>\n<li><a href=\"http:\/\/lsbbz.hr\/Files\/lovista\/VII_103_Zrinski_Topolovac-Ciganica.pdf\">VII\/103 Zrinski Topolovac &#8211; Ciganica<\/a><\/li>\n<li><a href=\"http:\/\/lsbbz.hr\/Files\/lovista\/VII_104_Mosti-Zdelja.pdf\">VII\/104 Mosti &#8211; Zdelja<\/a><\/li>\n<li><a href=\"http:\/\/lsbbz.hr\/Files\/lovista\/VII_105_Kapela-Bilogora.pdf\">VII\/105 Kapela &#8211; Bilogora<\/a><\/li>\n<li><a href=\"http:\/\/lsbbz.hr\/Files\/lovista\/VII_106_Bjelovar-Bedenik.pdf\">VII\/106 Bjelovar &#8211; Bedenik<\/a><\/li>\n<li><a href=\"http:\/\/lsbbz.hr\/Files\/lovista\/VII_107_Bjelovar-Plavnica.pdf\">VII\/107 Bjelovar &#8211; Plavnica<\/a><\/li>\n<li><a href=\"http:\/\/lsbbz.hr\/Files\/lovista\/VII_108_Trojstvo-Dobrovita.pdf\">VII\/108 Trojstvo &#8211; Dobrovita<\/a><\/li>\n<li><a href=\"http:\/\/lsbbz.hr\/Files\/lovista\/VII_109_Bjelovar-Jasik.pdf\">VII\/109 Bjelovar &#8211; Jasik<\/a><\/li>\n<li><a href=\"http:\/\/lsbbz.hr\/Files\/lovista\/VII_110_Bjelovacka.pdf\">VII\/110 Bjelovacka<\/a><\/li>\n<li><a href=\"http:\/\/lsbbz.hr\/Files\/lovista\/VII_111_Ciglenska.pdf\">VII\/111 Ciglenska<\/a><\/li>\n<li><a href=\"http:\/\/lsbbz.hr\/Files\/lovista\/VII_112_Ravne\u0161ka_Kosa.pdf\">VII\/112 Ravne\u0161ka Kosa<\/a><\/li>\n<li><a href=\"http:\/\/lsbbz.hr\/Files\/lovista\/VII_113_Severinska.pdf\">VII\/113 Severinska<\/a><\/li>\n<li><a href=\"http:\/\/lsbbz.hr\/Files\/lovista\/VII_114_Dabravine.pdf\">VII\/114 Dabravine<\/a><\/li>\n<li><a href=\"http:\/\/lsbbz.hr\/Files\/lovista\/VII_115_Gaj.pdf\">VII\/115 Gaj<\/a><\/li>\n<li><a href=\"http:\/\/lsbbz.hr\/Files\/lovista\/VII_6_JASENOVA.pdf\">VII\/116 Jasenova<\/a><\/li>\n<li><a href=\"http:\/\/lsbbz.hr\/Files\/lovista\/VII_117_Seli\u0161te-Babin\u010di\u0107.pdf\">VII\/117 Seli\u0161te &#8211; Babin\u010di\u0107<\/a><\/li>\n<\/ul>\n<\/div>\n\n\n\n<p class=\"has-base-color has-text-color has-link-color wp-elements-5e48ae1a0ee6121c76b093fc6a135f3e\">Zajedni\u010dka lovi\u0161ta &#8211; lovni ured \u010cazma:<\/p>\n\n\n\n<div class=\"wp-block-group has-base-color has-text-color has-link-color wp-elements-0118e1fd052ef4d3766695ae5368a638 has-global-padding is-layout-constrained wp-block-group-is-layout-constrained\">\n<ul>\n<li><a href=\"http:\/\/lsbbz.hr\/Files\/lovista\/VII_201_\u0160tefanje-Narta.pdf\">VII\/201 \u0160tefanje &#8211; Narta<\/a><\/li>\n<li><a href=\"http:\/\/lsbbz.hr\/Files\/lovista\/VII_202_Komu\u0161eva\u010dki_lug-Bukovina.pdf\">VII\/202 Komu\u0161eva\u010dki Lug &#8211; Bukovina<\/a><\/li>\n<li><a href=\"http:\/\/lsbbz.hr\/Files\/lovista\/VII_203_Cerik-Glogovnica.pdf\">VII\/203 Cerik &#8211; Glogovnica<\/a><\/li>\n<li><a href=\"http:\/\/lsbbz.hr\/Files\/lovista\/VII_204_\u010cazma-Matatinka.pdf\">VII\/204 \u010cazma &#8211; Matatinka<\/a><\/li>\n<li><a href=\"http:\/\/lsbbz.hr\/Files\/lovista\/VII_206_Martinska.pdf\">VII\/206 Martinska<\/a><\/li>\n<li><a href=\"http:\/\/lsbbz.hr\/Files\/lovista\/VII_207_Bere\u010dka_Kosa-Krivaja.pdf\">VII\/207 Bere\u010dka Kosa &#8211; Krivaja<\/a><\/li>\n<li><a href=\"http:\/\/lsbbz.hr\/Files\/lovista\/VII_19_VELIKI_JANTAK.pdf\">III\/33 Veliki Jantak<\/a><\/li>\n<\/ul>\n<\/div>\n\n\n\n<p class=\"has-base-color has-text-color has-link-color wp-elements-c5c4364ea8ab11354659429fd8450a2e\">Zajedni\u010dka lovi\u0161ta &#8211; lovni ured Gare\u0161nica:<\/p>\n\n\n\n<div class=\"wp-block-group has-base-color has-text-color has-link-color wp-elements-1b610afec18e8a9e23b6b1ce1665f1f1 has-global-padding is-layout-constrained wp-block-group-is-layout-constrained\">\n<ul>\n<li><a href=\"http:\/\/lsbbz.hr\/Files\/lovista\/VII_301_Br\u0161ljanica-Rogo\u017ea.pdf\">VII\/301 Br\u0161ljanica &#8211; Rogo\u017ea<\/a><\/li>\n<li><a href=\"http:\/\/lsbbz.hr\/Files\/lovista\/VII_302_Zobikovac-Ilovski_Lug.pdf\">VII\/302 Zobikovac &#8211; Ilovski Lug<\/a><\/li>\n<li><a href=\"http:\/\/lsbbz.hr\/Files\/lovista\/VII_303_Mlinska.pdf\">VII\/303 Mlinska<\/a><\/li>\n<li><a href=\"http:\/\/lsbbz.hr\/Files\/lovista\/VII_304_Petkova\u010da-Me\u0111uvode.pdf\">VII\/304 Petkova\u010da &#8211; Me\u0111uvo\u0111e<\/a><\/li>\n<li><a href=\"http:\/\/lsbbz.hr\/Files\/lovista\/VII_305_Radmenova\u010da-Toma\u0161ica.pdf\">VII\/305 Radmenova\u010da &#8211; Toma\u0161ica<\/a><\/li>\n<\/ul>\n<\/div>\n\n\n\n<p class=\"has-base-color has-text-color has-link-color wp-elements-57ee8a83a10c754376909c37f496e285\">Zajedni\u010dka lovi\u0161ta &#8211; lovni ured Grubi\u0161no Polje:<\/p>\n\n\n\n<div class=\"wp-block-group has-base-color has-text-color has-link-color wp-elements-16af1edd2e63b566fc18ad363d9b184d has-global-padding is-layout-constrained wp-block-group-is-layout-constrained\">\n<ul>\n<li><a href=\"http:\/\/lsbbz.hr\/Files\/lovista\/VII_401_Gr\u0111evica-Kova\u010dica.pdf\">VII\/401 Gr\u0111evica &#8211; Kova\u010dica<\/a><\/li>\n<li><a href=\"http:\/\/lsbbz.hr\/Files\/lovista\/VII_402_Prespinja\u010da-Barna.pdf\">VII\/402 Prespinja\u010da &#8211; Barna<\/a><\/li>\n<li><a href=\"http:\/\/lsbbz.hr\/Files\/lovista\/VII_403_Ivanovo_selo-Ilova.pdf\">VII\/403 Ivanovo selo &#8211; Ilova<\/a><\/li>\n<li><a href=\"http:\/\/lsbbz.hr\/Files\/lovista\/VII_404_Zdenci-\u0160ovarnica.pdf\">VII\/404 Zdenci &#8211; \u0160ovarnica<\/a><\/li>\n<li><a href=\"http:\/\/lsbbz.hr\/Files\/lovista\/VII_405_Dra\u017eica-Kosjerovica.pdf\">VII\/405 Dra\u017eica &#8211; Kosjerovica<\/a><\/li>\n<\/ul>\n<\/div>\n\n\n\n<p class=\"has-base-color has-text-color has-link-color wp-elements-09bc4212ee9375e786464cdbd84d7f55\">Zajedni\u010dka lovi\u0161ta &#8211; lovni ured Daruvar:<\/p>\n\n\n\n<div class=\"wp-block-group has-base-color has-text-color has-link-color wp-elements-9d0a03d4befffcd04b783db9c6fcc16d has-global-padding is-layout-constrained wp-block-group-is-layout-constrained\">\n<ul>\n<li><a href=\"http:\/\/lsbbz.hr\/Files\/lovista\/VII_501_Kon\u010danica-\u0110ur\u0111i\u010dka.pdf\">VII\/501 Kon\u010danica &#8211; \u0110ur\u0111i\u010dka<\/a><\/li>\n<li><a href=\"http:\/\/lsbbz.hr\/Files\/lovista\/VII_502_Donji_Daruvar-Maminovac.pdf\">VII\/502 Donji Daruvar &#8211; Maminovac<\/a><\/li>\n<li><a href=\"http:\/\/lsbbz.hr\/Files\/lovista\/VII_503_Bastaji-Krivaja.pdf\">VII\/503 Bastaji &#8211; Krivaja<\/a><\/li>\n<li><a href=\"http:\/\/lsbbz.hr\/Files\/lovista\/VII_504_\u0110ulovac-Klisa.pdf\">VII\/504 \u0110ulovac &#8211; Klisa<\/a><\/li>\n<li><a href=\"http:\/\/lsbbz.hr\/Files\/lovista\/VII_505_Daruvar-Dolovi.pdf\">VII\/505 Daruvar &#8211; Dolovi<\/a><\/li>\n<li><a href=\"http:\/\/lsbbz.hr\/Files\/lovista\/VII_506_Daruvar-Dabrovica.pdf\">VII\/506 Daruvar &#8211; Dabrovica<\/a><\/li>\n<li><a href=\"http:\/\/lsbbz.hr\/Files\/lovista\/VII_507_Kon\u010danica-Toplica.pdf\">VII\/507 Kon\u010danica &#8211; Toplica<\/a><\/li>\n<li><a href=\"http:\/\/lsbbz.hr\/Files\/lovista\/VII_508_De\u017eanovac-Malo_Bilo.pdf\">VII\/508 De\u017eanovac &#8211; Malo Bilo<\/a><\/li>\n<li><a href=\"http:\/\/lsbbz.hr\/Files\/lovista\/VII_509_Uljanik-\u010cavlovica.pdf\">VII\/509 Uljanik &#8211; \u010cavlovica<\/a><\/li>\n<li><a href=\"http:\/\/lsbbz.hr\/Files\/lovista\/VII_510_Poljodar-Sovjak.pdf\">VII\/510 Poljodar &#8211; Sovjak<\/a><\/li>\n<\/ul>\n<\/div>\n","protected":false},"excerpt":{"rendered":"<p>Na podru\u010dju Bjelovarsko-bilogorske \u017eupanije nalaze se 15 dr\u017eavnih lovi\u0161ta, 5 uzgajali\u0161ta divlja\u010di i 43 zajedni\u010dka lovi\u0161ta: VII\/2 Bjelovarska Bilogora VII\/3 Duga\u010dki gaj VII\/4 Garjevica VII\/5 Gradina &#8211; Krnja\u010da VII\/6 Jasenova VII\/7 Javornik VII\/9 Obrovi VII\/11 Pisani\u010dka Bilogora VII\/13 Viroviti\u010dka Bilogora VII\/14 Vrani Kamen VII\/15 Zapadna Garjevica VII\/16 Zdena\u010dki gaj VII\/17 \u017dablja\u010dki lug &#8211; \u010cesma VII\/18 [&hellip;]<\/p>\n","protected":false},"author":2,"featured_media":0,"parent":0,"menu_order":0,"comment_status":"closed","ping_status":"closed","template":"","meta":{"footnotes":""},"_links":{"self":[{"href":"https:\/\/www.lsbbz.hr\/index.php?rest_route=\/wp\/v2\/pages\/9"}],"collection":[{"href":"https:\/\/www.lsbbz.hr\/index.php?rest_route=\/wp\/v2\/pages"}],"about":[{"href":"https:\/\/www.lsbbz.hr\/index.php?rest_route=\/wp\/v2\/types\/page"}],"author":[{"embeddable":true,"href":"https:\/\/www.lsbbz.hr\/index.php?rest_route=\/wp\/v2\/users\/2"}],"replies":[{"embeddable":true,"href":"https:\/\/www.lsbbz.hr\/index.php?rest_route=%2Fwp%2Fv2%2Fcomments&post=9"}],"version-history":[{"count":9,"href":"https:\/\/www.lsbbz.hr\/index.php?rest_route=\/wp\/v2\/pages\/9\/revisions"}],"predecessor-version":[{"id":653,"href":"https:\/\/www.lsbbz.hr\/index.php?rest_route=\/wp\/v2\/pages\/9\/revisions\/653"}],"wp:attachment":[{"href":"https:\/\/www.lsbbz.hr\/index.php?rest_route=%2Fwp%2Fv2%2Fmedia&parent=9"}],"curies":[{"name":"wp","href":"https:\/\/api.w.org\/{rel}","templated":true}]}}